Suppose -4*c = -o + 15, -2*c - 18 = -4*o - 0*o. Let y(p) = p**3 - 8*p**2 + p - 3. Calculate the remainder when y(8) is divided by o.
2
What is the remainder when 47 is divided by 7 - -4 - (0 - (-2 + 3))?
11
Suppose 5*u + 0*m - 4*m = 5, -3*m - 5 = -4*u. Let c = 22 + -10. What is the remainder when c is divided by u?
2
Suppose 2*k = 4*k - 36. What is the remainder when 71 is divided by k?
17
Suppose -2*c + 6 = 0, 49 = 4*n + n + 3*c. Calculate the remainder when 31 is divided by n.
7
Let j(b) = -b - 1. What is the remainder when 15 is divided by j(-7)?
3
Suppose 0 = 4*s - 9*s. Let u(t) = 6*t**2 - 3*t + 2. Let a be u(2). Suppose s*j = -4*j + a. Calculate the remainder when 14 is divided by j.
4
Suppose 0 = -3*q - o + 48, 0 = 4*q - 9*q + 2*o + 69. What is the remainder when 27 is divided by q?
12
Let r(x) = 4*x**2 - 1. Let l be r(-1). Let w = l + 28. What is the remainder when w is divided by 7?
3
Let t(n) = -6*n - 3*n - 4 - 1. What is the remainder when t(-4) is divided by 11?
9
Let a = -9 - -5. Suppose -29 = -m + 3*h, 5*h + 3 = 4*m - 5*m. Let q = a + m. What is the remainder when 49 is divided by q?
10
Suppose -199 + 19 = -4*w. What is the remainder when w is divided by (4/5)/(3/60)?
13
Let z(j) = -j**2 + 8*j + 4. Let x = 0 - -6. Calculate the remainder when (1 - -2 - -27) + 1 is divided by z(x).
15
Let a be -1 + (-1 - (-11 - -2)). Suppose a*n - 3*n - 16 = 0. Suppose 0 = -n*v - 2*s - 0 + 20, 3*v - 1 = 2*s. Calculate the remainder when 7 is divided by v.
1
Suppose -2*g = -29 - 5. Let x = 109 + -44. Suppose -4*r = -3*k - 9*r + 7, 5*r = 5*k - x. What is the remainder when g is divided by k?
8
Suppose 11*w - 7*w - 92 = 0. Calculate the remainder when 66 is divided by w.
20
Let b(a) = -2*a - 6. Let i be b(-5). Suppose 0 = -2*k + 5*h + 11, 0 = 7*k - i*k + 4*h - 28. What is the remainder when 13 is divided by k?
5
Suppose 0 = 2*y + 2*y - 40. Let n(h) = -2*h + 13. Let k be n(y). Calculate the remainder when 9 is divided by (-8)/28 + (-37)/k.
4
Suppose -3*y + 5*g = -63, -4*y + 3*y - 4*g = -21. Calculate the remainder when 76 is divided by y.
13
Let c = 0 - -16. What is the remainder when 15/9*54/2 is divided by c?
13
What is the remainder when (-24)/72*474/(-1) is divided by 32?
30
Let c = -1 + 0. Let q = 3 - c. Suppose 5*x = -5*w, w - q*x = -w + 30. What is the remainder when 9 is divided by w?
4
Let m = -91 + 104. What is the remainder when 36 is divided by m?
10
Let q(x) = -3*x + 4. What is the remainder when 18 is divided by q(-2)?
8
Let f(g) = 2 + g**2 - g + 0*g**2 - 2*g + g**3. Suppose p - 17 + 7 = 0. Calculate the remainder when f(3) is divided by p.
9
Suppose -2*m + 5*m = -5*o + 49, 0 = m - 3. Calculate the remainder when 14 is divided by o.
6
Let b be 4 + 0*1/2. Suppose -b*s = -5*k + 4, -2*s = 2*s + 3*k + 36. Calculate the remainder when (4/s)/(4/(-66)) is divided by 4.
3
Calculate the remainder when 30 is divided by (-8)/32 - (-90)/8.
8
Suppose -2*r + 2 + 6 = 0. Suppose -v + 35 = r*v + 5*b, 3*b + 27 = 5*v. Calculate the remainder when v is divided by 4.
2
Let q = 118 - 101. What is the remainder when 60 is divided by q?
9
Let x be 3/15 - 3049/(-5). Suppose -4*o = -x + 190. Suppose n = -4*n + o. What is the remainder when n is divided by 11?
10
Calculate the remainder when (72/15)/((-56)/20 - -3) is divided by 2.
0
Let q(o) = -o - 5. Let t be q(-5). Let v(i) = i**2 - 3*i. Let w be v(-3). Suppose -n - 2*n + w = t. What is the remainder when 16 is divided by n?
4
Let u(j) = 3*j + 4. Let l(w) = w**2 + w - 5. Calculate the remainder when l(-6) is divided by u(3).
12
Let d = -57 + 95. What is the remainder when d is divided by 13?
12
Suppose -5*a + 2*a = 2*h - 20, 20 = 2*h - 3*a. Calculate the remainder when 38 is divided by h.
8
Let d = 3 + -1. Suppose 3*v - 7 = -1. Calculate the remainder when v is divided by d.
0
Let m(y) = 8*y - 1. Let j be m(8). Let l = -34 + j. Calculate the remainder when l is divided by 10.
9
Suppose 0*y + 1 = l + 2*y, -20 = 5*y. What is the remainder when (5/3)/((-1)/(-15)) is divided by l?
7
Let x = 99 + -74. What is the remainder when 94 is divided by x?
19
Suppose -4*h + 15 = -h, w - 20 = h. Calculate the remainder when w is divided by 4.
1
Let i(s) = -2*s + 15. Let r be i(0). Let u = r + 1. Calculate the remainder when 63 is divided by u.
15
Suppose -u + 3*k = -75, 5*k + 77 = u + 3*k. Calculate the remainder when u is divided by 41.
40
Let g(u) = -u + 4. Let x be g(5). Let c(h) = -13*h + 1. What is the remainder when c(x) is divided by 4?
2
Let x = 36 + 9. Let s(a) be the second derivative of -a**4/12 + 23*a**2/2 - a. What is the remainder when x is divided by s(0)?
22
Suppose -w = 5*j - 9, 2 = 2*j + w + w. Suppose 3*f = -12, i - j*i - 5*f - 5 = 0. Calculate the remainder when 59 is divided by i.
14
Suppose 4*u = 4*s, 0*u - 5*u = 5*s - 30. Suppose 5*k - 3 = 3*y, -s*y = y + 4*k - 28. What is the remainder when (19/2)/(2/y) is divided by 5?
4
Suppose 3*o + 555 = 3*h, -4*o - 880 + 147 = 3*h. Calculate the remainder when ((-1)/(-1))/((-8)/o) is divided by 12.
11
Suppose 5*w = 19 + 71. Calculate the remainder when 124 is divided by w.
16
Suppose -3 = -4*o + 5. Let g = 160 + -75. Suppose -25 + g = o*a. What is the remainder when a is divided by 16?
14
Suppose 0*d = 4*d - 156. Suppose -4*p + 82 = 5*r, -7*r + 3*p + 47 = -3*r. What is the remainder when d is divided by r?
11
Let a(k) = 3*k**2 + 3*k. Let c(d) = -d**2 - 3*d + 7. Let q be c(-4). Calculate the remainder when a(q) is divided by 13.
10
Let z(s) = s**2 - 9*s + 1. Let o be (-159)/(-18) + 1/6. Calculate the remainder when z(o) is divided by 1.
0
Suppose 0 = 4*k - 42 - 38. What is the remainder when 117 is divided by k?
17
Calculate the remainder when (36 - 17)*(0 - -3) is divided by 17.
6
Let h = -44 + 156. What is the remainder when h is divided by 19?
17
Suppose 5*k - 45 = -15. Let u = k - -4. Suppose -66 = -4*g + 2*o, -4*g - 26 = -4*o - 82. What is the remainder when g is divided by u?
9
Suppose -7*l + l = -30. Calculate the remainder when l is divided by 4.
1
Let v(h) = h + 32 - 2*h - 6. Calculate the remainder when v(0) is divided by 2/(4/2)*9.
8
What is the remainder when 2*(-2)/(-22) - 12600/(-154) is divided by 26?
4
Calculate the remainder when (-4)/14 + 16/(-14)*-16 is divided by 4.
2
Let a be (-111)/(-9) + (-1)/3. Suppose -2 = -2*p + a. What is the remainder when 20 is divided by p?
6
Let z(o) = o + 12. Let m be 112/18 - 4/18. Suppose -2*p = -m*p - 28. Calculate the remainder when 14 is divided by z(p).
4
Suppose 0 = 4*p + g - 65 + 6, p + 2*g = 13. Calculate the remainder when 42 is divided by p.
12
What is the remainder when 4 is divided by (-20)/(-11) + (-4)/(-22)?
0
Suppose r - 8 = c, r = c + c + 12. Calculate the remainder when r is divided by 1.
0
Let x = -54 + 65. What is the remainder when 65 is divided by x?
10
Let b = -121 - -256. Calculate the remainder when b is divided by 34.
33
Suppose -18*c = -14*c - 32. What is the remainder when 18 is divided by c?
2
Let p(b) = -b**2 - 6*b + 3. Suppose -11 - 10 = -k - 3*g, k - 2*g = -4. What is the remainder when p(-4) is divided by k?
5
Suppose 0 = -l + 2 + 10. Let b be (-2)/4*2 + 17. Suppose -g + 2*p + b = 5*p, -2*p + 20 = 2*g. What is the remainder when l is divided by g?
5
Let n be (3/(-1))/((-3)/(-20)). Calculate the remainder when 12 is divided by (2*-1)/(10/n).
0
Let w = -110 - -246. What is the remainder when 33 is divided by (5/(-10))/((-4)/w)?
16
Suppose 4 = -a + 9. Suppose 0 = 5*v - a. Let j = 3 + -2. Calculate the remainder when v is divided by j.
0
Calculate the remainder when 147 is divided by (-112)/(-3) - 4/12.
36
Let g be 3/15 - 3/15. Suppose 2*w - 3 - 47 = g. What is the remainder when 38 is divided by -6 + w - (-1 + 0)?
18
Suppose 4*l + 0*l + 10 = 5*v, -v = -2*l + 4. Calculate the remainder when 10 is divided by v.
4
Suppose 5 = 2*k - 5. Suppose k*w = 4*r - 16, 4*w - 4 = -2*r + r. Suppose -60 = -r*n - n. What is the remainder when 46 is divided by n?
10
Let u(y) = y**3 - 3*y**2 + 2*y + 2. Let x(p) = 12*p - 2. What is the remainder when x(2) is divided by u(3)?
6
Suppose -20*c + 66 = -14*c. Calculate the remainder when 75 is divided by c.
9
Suppose -4 + 0 = 2*m, -5*y - 3*m = -94. Calculate the remainder when 115 is divided by y.
15
Let l(w) = -w**3 - 6*w**2 + 4*w. Calculate the remainder wh